at is the remainder when 38 is divided by (-1)/3 - 61/p?
18
Suppose -3*z = r + 1, -6*r - 3 = -3*r. Suppose z = -2*m - 0 + 2. Calculate the remainder when 1 is divided by m.
0
Suppose 3*y - 85 = -40. Let t(q) = -8*q - 3. What is the remainder when t(-4) is divided by y?
14
Let t = -5 + 8. Suppose -t*q + 0*q - 24 = 0. Calculate the remainder when q/(-20) + (-126)/(-10) is divided by 8.
5
Let o(x) = 2*x + 1. Calculate the remainder when 24 is divided by o(4).
6
Let o(r) be the first derivative of -r**4/4 - 5*r**3/3 - 3*r**2 - 3*r + 1. What is the remainder when 12 is divided by o(-4)?
2
Let w = 177 + -130. What is the remainder when 374 is divided by w?
45
Suppose q + d = -3*d + 27, 0 = 4*d - 16. Let k = 8 - 4. Calculate the remainder when 82/4 - (-2)/k is divided by q.
10
Suppose 2*o + 1 = -1. Let c be o/(-2) + (-11)/(-2). What is the remainder when 8/6*9/c is divided by 2?
0
Suppose 5 = -2*j + 7. Suppose -5*s = j - 6, 3*l = -s + 196. Calculate the remainder when l is divided by 22.
21
Let j = 11 + -1. What is the remainder when j is divided by 4?
2
Suppose 0 = 3*r + q + 2 - 60, 93 = 5*r - 2*q. What is the remainder when 50 is divided by r?
12
Let b(t) = t**2 + 3*t + 2. Let w be b(-3). Let j(i) = 6*i**3 - i**2 + 2*i - 1. Calculate the remainder when j(w) is divided by 12.
11
Suppose -5*j + 15 = -5*f - 40, 2*j - 18 = f. Suppose -3*c + 95 = 2*c. Calculate the remainder when c is divided by j.
5
Let t = 11 - 68. Let a = -39 - t. What is the remainder when a is divided by 5?
3
What is the remainder when (-92)/6*(-2 + -1) is divided by 12?
10
Let h(z) be the first derivative of 3*z**2/2 - 5*z + 2. Let l = -30 + 54. Calculate the remainder when l is divided by h(6).
11
Let n be (-2)/3*(-3 - 3). Suppose w - 5 = -n*w. What is the remainder when 12 is divided by (2 - -3) + (3 - w)?
5
Let d be (-346)/8 + (-2)/(-8). Let g = 72 + -7. Let k = g + d. What is the remainder when 65 is divided by k?
21
Let y(m) = 5*m**3 - 5*m**2 - m + 2. Let q = -19 + 76. Calculate the remainder when q is divided by y(2).
17
Suppose 4*l + 7*q - 5 = 4*q, -q = 3*l - 5. Suppose -l*p + 125 = -0*p + 5*m, 4*p = m + 195. What is the remainder when p is divided by 13?
11
Suppose -4*o = -g + 5, 0 = g - 3*g - o + 46. What is the remainder when 35 is divided by g?
14
Let r(j) = 2*j + 10. Let p be (-4)/((-1 - 0)/1). Suppose -k - 11 = -2*k + 2*u, -16 = p*u. Calculate the remainder when r(-3) is divided by k.
1
Let t = 5 - 8. Let j(u) = 2*u**2 - u + 1. Let d(z) = 5*z**2 - 3*z + 3. Let q(h) = t*d(h) + 8*j(h). What is the remainder when q(1) is divided by 1?
0
Let h(o) = 3*o - 26*o**3 + 5*o**3 - 2*o - 2*o**2 + 3*o**2. Let r be h(-1). Suppose p + x = r, -p + 6 + 7 = -x. Calculate the remainder when p is divided by 9.
8
Let v = 102 - 83. What is the remainder when 27 is divided by v?
8
Let p = 149 - 89. Suppose 0*k = 3*k - p. Suppose -k = -7*d + 5*d. Calculate the remainder when 19 is divided by d.
9
Suppose 2*i - 33 = 43. Calculate the remainder when i is divided by 10.
8
Suppose 0 = 3*v - 5*z + 1 + 9, -2*z + 4 = 3*v. Suppose 2*u - 7*u + 75 = v. Let n = -5 + u. What is the remainder when 17 is divided by n?
7
Suppose -1 = -x - 0, 4*m + x = 101. Suppose m = 4*u + 1. What is the remainder when 16 is divided by u?
4
Let q = 28 + -19. Let w = 16 + q. Calculate the remainder when 48 is divided by w.
23
Suppose 0 = -n - 0*n + 3. Let r = 42 - 39. What is the remainder when n is divided by r?
0
Suppose -4*b + 7 = -17. Let c = b + -1. What is the remainder when 17 is divided by c?
2
Calculate the remainder when 7 is divided by ((-12)/(-48))/(2*(-1)/(-56)).
0
Suppose 4*i - 4*g - 36 = -0*g, -3*g + 1 = 4*i. Suppose -30 = i*k - 5*k. What is the remainder when k is divided by 16?
14
Suppose 4*w - 5*a = -4*a + 260, -2*a = -8. Suppose 15 = q - 19. What is the remainder when w is divided by q?
32
Let r = 24 + -17. Calculate the remainder when r is divided by 4.
3
Let c = -12 + 37. Suppose -5*y = -2*q + 3, -y + 2*y = 3*q - 24. Calculate the remainder when c is divided by q.
7
Suppose 5*m - 5 = 50. Suppose -2*t + 8 = 2*p - p, 0 = -5*t + 2*p + m. Calculate the remainder when t is divided by 3.
0
Suppose -k = -4*k + 96. Let h(g) = 2*g**2 - 1. Calculate the remainder when k is divided by h(-3).
15
Let k(m) = -m + 11. Let s be k(0). Let b = s + 43. What is the remainder when b is divided by 14?
12
What is the remainder when 31 + 0/(-3 + (4 - 2)) is divided by 19?
12
Suppose -d + 11 = -3*g, g = 4*d + 2*g - 83. Let c = 45 - d. What is the remainder when c is divided by 7?
4
Let t(f) = 9*f**3 - 2*f**2. Let i be t(-2). Let m = -47 - i. Calculate the remainder when m is divided by 12.
9
Suppose 28 + 46 = 2*n. What is the remainder when n is divided by 11?
4
Let d(x) = -x + 5. Let q be d(5). Suppose r = -j - q*r + 46, 5*j + r - 234 = 0. Calculate the remainder when j is divided by 16.
15
Let i be 46/(1 - -2 - 1). Suppose i = 4*h - 1. What is the remainder when (11/(-1))/(-6 - -5) is divided by h?
5
Let y = 9 + 21. Calculate the remainder when y is divided by 16.
14
Let u(p) = 5*p**2 + 3*p + 5. Calculate the remainder when u(-3) is divided by 11.
8
Let w(l) = l - 3 - 3*l + 0*l**2 + 4 + l**2. What is the remainder when ((-1)/2)/((-3)/18) is divided by w(2)?
0
Suppose -4*x + 5*s - 53 = -7*x, -3*s + 56 = 4*x. What is the remainder when (96/(-15))/(2/(-10)) is divided by x?
10
Let a be (6/(-4) + 2)*0. Let t = a + 2. Suppose 5*g = 2*l, t*l - 7*l = -5*g - 15. What is the remainder when 2 is divided by g?
0
Suppose -2*h + 41 = 17. What is the remainder when 33 is divided by h?
9
Let o(m) = -m**2 + 5*m + 3. Let u be ((-33)/12)/((-3)/(-12)). Let n = -4 - u. Calculate the remainder when n is divided by o(5).
1
Let l be -2 + 5 + (4 - 2). Suppose -l*f - 61 = -236. What is the remainder when f is divided by 10 + 4 + 2*-1?
11
Suppose 169 = 5*x - 2*v, -x + 0*x + 4*v + 41 = 0. Let k(q) = -5*q - 18. Calculate the remainder when x is divided by k(-7).
16
Suppose w + 6 = 29. Calculate the remainder when 114 is divided by w.
22
Let q(m) = m**3 - m**2 - m. Let x be q(2). Suppose 0 = x*p - 10 - 22. Calculate the remainder when 30 is divided by p.
14
Let a = 258 + -77. Suppose 64 = -0*f + 2*f - 4*v, -3*v = -5*f + a. What is the remainder when f is divided by 13?
12
Let v = -10 + 11. What is the remainder when 22 is divided by (-40)/(-5)*v/1?
6
Suppose 14 = l - 3. What is the remainder when -1 + 31 - (-20 + 18) is divided by l?
15
Let f(q) = 12*q - 9. Calculate the remainder when 153 is divided by f(4).
36
Suppose 0 = 3*r - f + 9, -3*r + 2*f - 18 = 4*f. Let l(y) = -y - 5. Let g(w) = -w - 1. Let v(u) = 4*g(u) - l(u). What is the remainder when v(r) is divided by 4?
1
Let i(z) = z**2 + 16*z + 48. Calculate the remainder when 29 is divided by i(-13).
2
Let x(z) = -6*z**3 - 3*z**2 + z + 2. Calculate the remainder when 139 is divided by x(-2).
31
What is the remainder when 3 + (4 - 9) - -55 is divided by 8/3*(-42)/(-8)?
11
Suppose -8*q + 15 = -5*q. Suppose -1 = q*d - 56. What is the remainder when 31 is divided by d?
9
Let k(o) = 35*o - 1. What is the remainder when k(1) is divided by 12?
10
Suppose -4*c + 9 = 3*l - 7*c, -12 = -2*l - 4*c. Suppose -3*r = -5*n + 47, 2 - 6 = r. Calculate the remainder when n is divided by l.
3
Let l(w) = 7*w - 2. What is the remainder when 103 is divided by l(4)?
25
Suppose -3*a + 256 = 5*i, 3*i = -2*a + 57 + 97. What is the remainder when i is divided by 13?
11
Let c = -35 + 63. What is the remainder when c is divided by 17?
11
Let c(i) = -i - 10. Let n be c(-9). Let z be 32 + (1 + n - 3). Let o = z + -21. Calculate the remainder when 23 is divided by o.
7
Suppose 3*n = -3 + 9. Suppose n + 46 = 3*y. What is the remainder when y is divided by 2/3 - (-50)/6?
7
Let o be (-1)/2 + 14/4. Suppose -4*s + o*s = -8. Calculate the remainder when 61 is divided by (-3)/12 - (-170)/s.
19
Let y = -26 - -40. Suppose 3*q - 30 = 18. Suppose 0 = o - q - 11. What is the remainder when o is divided by y?
13
Let d(l) = l**2 + 13*l + 16. Calculate the remainder when d(-13) is divided by 3.
1
Let y = -21 + 25. Calculate the remainder when 6 is divided by y.
2
Let r = 135 - 113. Calculate the remainder when 63 is divided by r.
19
Let o(z) = -7*z. Let a be o(-2). Calculate the remainder when 6 is divided by 66/a + (-2)/(-7).
1
Suppose 0 = 2*s